ite?
True
Is 256593781 composite?
False
Is 261634627 composite?
False
Is 3085322 a composite number?
True
Is 3881837 a composite number?
False
Is 64090513 a prime number?
False
Is 153203359 composite?
False
Is 13040219 prime?
True
Is 92824987 a prime number?
False
Is 6297413 composite?
True
Is 1186027 a composite number?
True
Is 2697109 a prime number?
True
Is 536630711 a composite number?
False
Is 26117171 a composite number?
False
Is 5103597 a prime number?
False
Is 2721307 a prime number?
True
Is 4788559 composite?
False
Is 1054133 composite?
False
Is 5291591 composite?
True
Is 3051617 a composite number?
True
Is 17247563 composite?
True
Is 4124495 prime?
False
Is 1806671 composite?
True
Is 1337851 composite?
False
Is 98315411 a prime number?
False
Is 13020853 a prime number?
True
Is 20513351 a prime number?
False
Is 28188542 a prime number?
False
Is 89103431 composite?
False
Is 564436183 a composite number?
True
Is 1964399 composite?
False
Is 11221759 prime?
False
Is 332759521 a prime number?
False
Is 30294851 prime?
True
Is 5842531 a composite number?
False
Is 132905299 a prime number?
True
Is 9524707 a composite number?
False
Is 10453 prime?
True
Is 40757221 a prime number?
False
Is 1331737 composite?
True
Is 7158329 prime?
True
Is 80943871 a composite number?
True
Is 1083001 prime?
False
Is 6994037 a composite number?
True
Is 9475309 a composite number?
False
Is 52006181 a composite number?
False
Is 242139379 prime?
False
Is 59150999 a composite number?
True
Is 7114879 a composite number?
True
Is 6797278 composite?
True
Is 5917147 prime?
False
Is 22332677 composite?
False
Is 8607121 composite?
True
Is 839191 a composite number?
True
Is 87271259 a composite number?
True
Is 23759107 prime?
True
Is 12378403 prime?
True
Is 358571 a composite number?
False
Is 37618633 a composite number?
True
Is 2904173 a prime number?
False
Is 251935493 a composite number?
False
Is 1422857 composite?
False
Is 4392827 a prime number?
False
Is 215152159 prime?
False
Is 6586733 prime?
False
Is 407285 a prime number?
False
Is 243920582 a composite number?
True
Is 10443821 a composite number?
True
Is 3095117 composite?
True
Is 19362851 composite?
False
Is 12531459 a composite number?
True
Is 6676559 prime?
True
Is 634567 a prime number?
True
Is 36356293 a composite number?
True
Is 3927977 prime?
False
Is 2932991 composite?
True
Is 30400861 a prime number?
True
Is 3440237 prime?
True
Is 6540041 a prime number?
False
Is 40248641 a composite number?
False
Is 112676717 a prime number?
True
Is 22296919 composite?
True
Is 949721 prime?
False
Is 58798959 prime?
False
Is 1513735 a composite number?
True
Is 264428243 a composite number?
False
Is 1643017 a composite number?
True
Is 6854027 a composite number?
False
Is 164722163 composite?
True
Is 17631323 composite?
False
Is 22532009 composite?
True
Is 57482837 prime?
False
Is 159721 a composite number?
False
Is 75045317 composite?
False
Is 117263 composite?
True
Is 75184069 a prime number?
True
Is 1176377 composite?
False
Is 646061 a composite number?
True
Is 1144608783 composite?
True
Is 545556221 composite?
True
Is 4851386 a prime number?
False
Is 90804151 prime?
False
Is 2912197 prime?
True
Is 27006269 prime?
True
Is 17466445 prime?
False
Is 13553959 a prime number?
True
Is 749719 composite?
True
Is 1327151 a composite number?
True
Is 9558019 a composite number?
True
Is 3427703 a prime number?
True
Is 97654685 a prime number?
False
Is 46834121 composite?
False
Is 6972233 composite?
False
Is 36253571 a composite number?
True
Is 2377563 composite?
True
Is 110304529 a composite number?
False
Is 56228147 prime?
True
Is 165339301 composite?
False
Is 6215777 composite?
True
Is 45935201 prime?
False
Is 4480403 composite?
False
Is 170469709 a prime number?
False
Is 3874937 composite?
True
Is 2648603 prime?
False
Is 130907783 a composite number?
True
Is 152279807 a composite number?
True
Is 10159819 composite?
False
Is 96828053 a composite number?
True
Is 5816303 composite?
False
Is 32688647 a composite number?
False
Is 2016379 composite?
True
Is 371128579 a composite number?
False
Is 19185711 a prime number?
False
Is 15446833 a composite number?
False
Is 7112915 a prime number?
False
Is 2598943 a composite number?
True
Is 426822649 a prime number?
False
Is 22992202 a prime number?
False
Is 12124763 a composite number?
True
Is 373882534 prime?
False
Is 1233343 a composite number?
True
Is 207138539 composite?
False
Is 24033599 a prime number?
True
Is 4909223 composite?
True
Is 3932683 a prime number?
False
Is 11293949 prime?
True
Is 4505437 composite?
False
Is 849467 a composite number?
False
Is 35829853 composite?
True
Is 339217 a prime number?
False
Is 635771 composite?
True
Is 2656229 a prime number?
True
Is 9913403 a prime number?
True
Is 354985603 prime?
False
Is 77515591 composite?
True
Is 11488934 composite?
True
Is 352352219 composite?
False
Is 27969611 composite?
False
Is 79493 a composite number?
False
Is 6765215 a prime number?
False
Is 14100313 a prime number?
True
Is 47724514 a composite number?
True
Is 2427179 a composite number?
False
Is 689063 prime?
True
Is 36385571 a composite number?
False
Is 22830827 a composite number?
False
Is 5616337 a prime number?
False
Is 1734377 prime?
False
Is 31793753 a composite number?
False
Is 277813 a prime number?
True
Is 3711401 a prime number?
True
Is 355843979 composite?
False
Is 80792315 prime?
False
Is 11992307 a composite number?
True
Is 2420679 prime?
False
Is 65396407 prime?
True
Is 1080293 a composite number?
True
Is 49191994 composite?
True
Is 521434987 prime?
False
Is 377761 a composite number?
False
Is 16929119 composite?
True
Is 27943085 prime?
False
Is 71416885 a composite number?
True
Is 9866489 prime?
True
Is 216641 prime?
True
Is 336101 a composite number?
False
Is 5586303 prime?
False
Is 1643123 prime?
True
Is 2878679 a prime number?
True
Is 60158687 a prime number?
False
Is 1704727 a composite number?
False
Is 982717 a composite number?
True
Is 963559 a composite number?
False
Is 1157003 composite?
True
Is 5997919 composite?
False
Is 18408146 composite?
True
Is 318570233 a composite number?
False
Is 76071395 prime?
False
Is 17237237 composite?
True
Is 2399699 composite?
False
Is 864735713 composite?
False
Is 26387227 composite?
False
Is 154380683 composite?
False
Is 3864001 prime?
False
Is 772229 a prime number?
True
Is 1537631057 a composite number?
False
Is 2856653 prime?
True
Is 175361 prime?
True
Is 2495239 a prime number?
True
Is 79129511 a composite number?
False
Is 78974681 a composite number?
False
Is 3228829 prime?
True
Is 1610725553 a composite number?
False
Is 8065373 composite?
False
Is 438493379 a prime number?
True
Is 2720761 a composite number?
True
Is 3467845 a prime number?
False
Is 16685899 a prime number?
True
Is 755473 prime?
True
Is 1391151 a prime number?
False
Is 4286489 a prime number?
True
Is 2178577 prime?
False
Is 42435959 composite?
False
Is 35814337 composite?
True
Is 14955827 a composite number?
True
Is 1861913 a prime number?
True
Is 5890447 a composite number?
False
Is 39826207 a composite number?
True
Is 70412509 composite?
True
Is 86317391 prime?
True
Is 3168733 prime?
False
Is 12678986 a prime number?
False
Is 65417531 prime?
True
Is 1602269 a prime number?
True
Is 244244233 composite?
False
Is 13694047 a prime number?
True
Is 4448429 prime?
False
Is 219794287 prime?
True
Is 185601701 composite?
True
Is 61875317 composite?
True
Is 4259249 a composite number?
True
Is 1257517 a prime number?
True
Is 268865393 a prime number?
True
Is 6943523 composite?
False
Is 2342281 a composite number?
True
Is 150226277 a prime number?
False
Is 10850761 a composite number?
False
Is 30445057 a prime number?
True
Is 63813391 a prime number?
True
Is 240539 a prime number?
False
Is 2657947 composite?
False
Is 64777777 prime?
True
Is 81955849 a composite number?
True
Is 421237 prime?
False
Is 741271 composite?
True
Is 5042539 composite?
False
Is 18554071 a composite number?
False
Is 111043 a prime number?
True
Is 11371253 composite?
True
Is 288582337 a composite number?
False
Is 185866267 a composite number?
False
Is 3860369 a prime number?
True
Is 71914397 composite?
False
Is 6404261 prime?
True
Is 30894785 prime?
False
Is 85870273 prime?
T